{"id":85,"date":"2014-08-20T21:37:43","date_gmt":"2014-08-20T19:37:43","guid":{"rendered":"http:\/\/hovis.cz\/?page_id=85"},"modified":"2019-03-23T21:57:38","modified_gmt":"2019-03-23T20:57:38","slug":"motogp-brno-2014","status":"publish","type":"page","link":"http:\/\/hovis.cz\/?page_id=85","title":{"rendered":"motoGP Brno 2014"},"content":{"rendered":"<p>Mrkn\u011bte na videa z kempu a ze z\u00e1vod\u016f<\/p>\n<p>\u2039Here are files .mp4 from camp and race for my friends\u203a :<\/p>\n<p><a href=\"http:\/\/hovis.cz\/wp-content\/uploads\/20140815_030948.mp4\" target=\"_blank\" rel=\"noopener\">video 1 &#8212;-\u00a0 prvn\u00ed pokusy o start prskoletu<br \/>\n<\/a><\/p>\n<p><a href=\"http:\/\/hovis.cz\/wp-content\/uploads\/20140815_031215.mp4\" target=\"_blank\" rel=\"noopener\">video 2 &#8212;-\u00a0 Majo a Oli si matra\u010dku nafoukli jen z vejfuku motorky<br \/>\n<\/a><\/p>\n<p><a href=\"http:\/\/hovis.cz\/wp-content\/uploads\/20140815_091810.mp4\" target=\"_blank\" rel=\"noopener\">video 3 &#8212;- Slovinci si hr\u00e1li dokonce na harmo\u0161ku<br \/>\n<\/a><\/p>\n<p><a href=\"http:\/\/hovis.cz\/wp-content\/uploads\/20140815_124833.mp4\" target=\"_blank\" rel=\"noopener\">video 4\u00a0 &#8212;-\u00a0 L\u00e1\u010fa na VTR kluk\u016f z N\u011bmecka<\/a><\/p>\n<p>video 5\u00a0 &#8212;- \u00a0 exhibice Policie \u010cr na moto a st\u00edha\u010dek Gripen (855 MB)<\/p>\n<p><a href=\"http:\/\/hovis.cz\/wp-content\/uploads\/20140817_140148.mp4\" target=\"_blank\" rel=\"noopener\">video 6\u00a0 &#8212;-\u00a0 mezi z\u00e1vody blbli po\u0159adatel\u00e9 na kolech<br \/>\n<\/a><\/p>\n<p><a href=\"http:\/\/hovis.cz\/wp-content\/uploads\/20140817_140148.mp4\" target=\"_blank\" rel=\"noopener\">video 7 \u00a0 &#8212;-\u00a0 prvn\u00ed ostr\u00e9 kolo z\u00e1vodu kategorie motoGP<\/a><\/p>\n<p><a href=\"http:\/\/hovis.cz\/wp-content\/uploads\/20140817_153046.mp4\" target=\"_blank\" rel=\"noopener\">video 8\u00a0 &#8212;-\u00a0 start z\u00e1vodu Roockie Cupu<\/a><\/p>\n<p>Pod fotkama n\u00e1m nap\u00ed\u0161u je\u0161t\u011b \u010dl\u00e1nek o pr\u016fb\u011bhu a samosebou seznam v\u011bc\u00ed a n\u00e1pad\u016f na p\u0159\u00ed\u0161t\u00ed rok v\u010detn\u011b podrobnostech o kempu (ty se nedaj\u00ed nikde naj\u00edt, bohu\u017eel).<\/p>\n<p>\u00da\u010dastn\u00edci z\u00e1jezdu: Lesan, L\u00e1\u010fa, Sv\u00e1\u0165a, Syky, Fakan, Foggy, St\u00e1\u0148a, Venca, z N\u011bmecka Majo a Oli.<\/p>\n<span style=\"color:blue; font-weight:bold; \">[WPPA+ Photo display (fsh)]<\/span>\n","protected":false},"excerpt":{"rendered":"<p>Mrkn\u011bte na videa z kempu a ze z\u00e1vod\u016f \u2039Here are files .mp4 from camp and race for my friends\u203a : video 1 &#8212;-\u00a0 prvn\u00ed pokusy o start prskoletu video 2 &#8212;-\u00a0 Majo a Oli si matra\u010dku nafoukli jen z vejfuku motorky video 3 &#8212;- Slovinci si hr\u00e1li dokonce na harmo\u0161ku video 4\u00a0 &#8212;-\u00a0 L\u00e1\u010fa na [&hellip;]<\/p>\n","protected":false},"author":1,"featured_media":0,"parent":0,"menu_order":0,"comment_status":"closed","ping_status":"closed","template":"","meta":[],"_links":{"self":[{"href":"http:\/\/hovis.cz\/index.php?rest_route=\/wp\/v2\/pages\/85"}],"collection":[{"href":"http:\/\/hovis.cz\/index.php?rest_route=\/wp\/v2\/pages"}],"about":[{"href":"http:\/\/hovis.cz\/index.php?rest_route=\/wp\/v2\/types\/page"}],"author":[{"embeddable":true,"href":"http:\/\/hovis.cz\/index.php?rest_route=\/wp\/v2\/users\/1"}],"replies":[{"embeddable":true,"href":"http:\/\/hovis.cz\/index.php?rest_route=%2Fwp%2Fv2%2Fcomments&post=85"}],"version-history":[{"count":15,"href":"http:\/\/hovis.cz\/index.php?rest_route=\/wp\/v2\/pages\/85\/revisions"}],"predecessor-version":[{"id":152,"href":"http:\/\/hovis.cz\/index.php?rest_route=\/wp\/v2\/pages\/85\/revisions\/152"}],"wp:attachment":[{"href":"http:\/\/hovis.cz\/index.php?rest_route=%2Fwp%2Fv2%2Fmedia&parent=85"}],"curies":[{"name":"wp","href":"https:\/\/api.w.org\/{rel}","templated":true}]}}

<p>Mrkněte na videa z kempu a ze závodů</p>
<p>‹Here are files .mp4 from camp and race for my friends› :</p>
<p><a href="http://hovis.cz/wp-content/uploads/20140815_030948.mp4" target="_blank" rel="noopener">video 1 &#8212;-  první pokusy o start prskoletu<br />
</a></p>
<p><a href="http://hovis.cz/wp-content/uploads/20140815_031215.mp4" target="_blank" rel="noopener">video 2 &#8212;-  Majo a Oli si matračku nafoukli jen z vejfuku motorky<br />
</a></p>
<p><a href="http://hovis.cz/wp-content/uploads/20140815_091810.mp4" target="_blank" rel="noopener">video 3 &#8212;- Slovinci si hráli dokonce na harmošku<br />
</a></p>
<p><a href="http://hovis.cz/wp-content/uploads/20140815_124833.mp4" target="_blank" rel="noopener">video 4  &#8212;-  Láďa na VTR kluků z Německa</a></p>
<p>video 5  &#8212;-   exhibice Policie Čr na moto a stíhaček Gripen (855 MB)</p>
<p><a href="http://hovis.cz/wp-content/uploads/20140817_140148.mp4" target="_blank" rel="noopener">video 6  &#8212;-  mezi závody blbli pořadatelé na kolech<br />
</a></p>
<p><a href="http://hovis.cz/wp-content/uploads/20140817_140148.mp4" target="_blank" rel="noopener">video 7   &#8212;-  první ostré kolo závodu kategorie motoGP</a></p>
<p><a href="http://hovis.cz/wp-content/uploads/20140817_153046.mp4" target="_blank" rel="noopener">video 8  &#8212;-  start závodu Roockie Cupu</a></p>
<p>Pod fotkama nám napíšu ještě článek o průběhu a samosebou seznam věcí a nápadů na příští rok včetně podrobnostech o kempu (ty se nedají nikde najít, bohužel).</p>
<p>Účastníci zájezdu: Lesan, Láďa, Sváťa, Syky, Fakan, Foggy, Stáňa, Venca, z Německa Majo a Oli.</p>
<span style="color:blue; font-weight:bold; ">[WPPA+ Photo display (fsh)]</span>

<p>Mrkněte na videa z kempu a ze závodů ‹Here are files .mp4 from camp and race for my friends› : video 1 &#8212;-  první pokusy o start prskoletu video 2 &#8212;-  Majo a Oli si matračku nafoukli jen z vejfuku motorky video 3 &#8212;- Slovinci si hráli dokonce na harmošku video 4  &#8212;-  Láďa na [&hellip;]</p>
