{"id":8,"date":"2012-06-13T19:42:34","date_gmt":"2012-06-13T17:42:34","guid":{"rendered":"http:\/\/hovis.cz\/?page_id=8"},"modified":"2017-04-09T19:10:34","modified_gmt":"2017-04-09T17:10:34","slug":"fotogalerie","status":"publish","type":"page","link":"http:\/\/hovis.cz\/?page_id=8","title":{"rendered":"Fotogalerie"},"content":{"rendered":"<p><em>Fotogalerie na\u0161ich r\u016fzn\u00fdch akci\u010dek<\/em><code><tt><br \/>\n<\/tt><\/code><\/p>\n<span style=\"color:blue; font-weight:bold; \">[WPPA+ Photo display (fsh)]<\/span>\n<p>&nbsp;<\/p>\n<p>&nbsp;<\/p>\n<p><code><br \/>\n<\/code><\/p>\n<p>&nbsp;<\/p>\n","protected":false},"excerpt":{"rendered":"<p>Fotogalerie na\u0161ich r\u016fzn\u00fdch akci\u010dek &nbsp; &nbsp; &nbsp;<\/p>\n","protected":false},"author":1,"featured_media":0,"parent":0,"menu_order":2,"comment_status":"closed","ping_status":"open","template":"","meta":[],"_links":{"self":[{"href":"http:\/\/hovis.cz\/index.php?rest_route=\/wp\/v2\/pages\/8"}],"collection":[{"href":"http:\/\/hovis.cz\/index.php?rest_route=\/wp\/v2\/pages"}],"about":[{"href":"http:\/\/hovis.cz\/index.php?rest_route=\/wp\/v2\/types\/page"}],"author":[{"embeddable":true,"href":"http:\/\/hovis.cz\/index.php?rest_route=\/wp\/v2\/users\/1"}],"replies":[{"embeddable":true,"href":"http:\/\/hovis.cz\/index.php?rest_route=%2Fwp%2Fv2%2Fcomments&post=8"}],"version-history":[{"count":28,"href":"http:\/\/hovis.cz\/index.php?rest_route=\/wp\/v2\/pages\/8\/revisions"}],"predecessor-version":[{"id":104,"href":"http:\/\/hovis.cz\/index.php?rest_route=\/wp\/v2\/pages\/8\/revisions\/104"}],"wp:attachment":[{"href":"http:\/\/hovis.cz\/index.php?rest_route=%2Fwp%2Fv2%2Fmedia&parent=8"}],"curies":[{"name":"wp","href":"https:\/\/api.w.org\/{rel}","templated":true}]}}