{"id":121,"date":"2018-12-18T20:24:44","date_gmt":"2018-12-18T19:24:44","guid":{"rendered":"http:\/\/hovis.cz\/?page_id=121"},"modified":"2019-01-19T21:50:33","modified_gmt":"2019-01-19T20:50:33","slug":"stredni","status":"publish","type":"page","link":"http:\/\/hovis.cz\/?page_id=121","title":{"rendered":"st\u0159edn\u00ed \u0161kola &#8211; sraz 2019"},"content":{"rendered":"<p>Tak stav spojeni se spoluzakama ke dni 18.12 2018 je nasledujici:<\/p>\n<p><strong>ozvali se a maji Whatsapp:<\/strong><br \/>\nBoxi, Fencl\u00edk, Fido (Robert), Gera, Hambi, Havl\u00edk, Ha\u010f\u00e1k, Hovis, Jech\u00edno, Kopal\u00edk, Kup\u00edno, Kl\u00edmi\u010d (Podob\u00eds), Ludva, Sosi, Svobi, \u0160varc\u00edk, \u0160imi, Smoli, Tantor, \u017dahy<br \/>\n<strong> ozvali se a Whatsapp nemaj\u00ed: <\/strong><br \/>\nRottor, Tom Kuba, Edit<\/p>\n<p><strong>zat\u00edm se neozvali a poslal jsem Whatsapp zpr\u00e1vu:<\/strong><br \/>\n\u0160umi<\/p>\n<p><strong>zat\u00edm se neozvali a poslal jsem SMS nebo email:(email posl\u00e1n\u00a0 2.1.2019) <\/strong><br \/>\nBadi, Bol\u00eds, \u010c\u00ed\u017ea, Habi, Igor P.,<\/p>\n<p><strong>neozvali se a nem\u00e1m mobil ani mail:<\/strong><br \/>\nDzuri\u010d, Gold\u00edk, K\u0159\u00edhi\u010d, Langi\u010d, M\u00e1ri\u010d, Tichy, Kolouch, Erhi, J\u00e1chym, Do\u010dky<\/p>\n<p>Facebook maj\u00ed ur\u010dit\u011b, <span style=\"color: #ff0000;\"><strong>napsal jsem jim zpr\u00e1vu <\/strong><\/span>: Badi (\u017eije snad v Emir\u00e1tech), Langi\u010d (asi Pra\u017e\u00e1k), Rous\u00edk (napsal jsem mu)&#8230;.<\/p>\n<p>Skupina na Whatsapp zalo\u017eena 2.1.2019, sraz p\u0159edb\u011b\u017en\u011b jaro 2019, z\u0159ejm\u011b \u010cesk\u00e9 Bud\u011bjovice.<br \/>\nJm\u00e9na jsou z\u00e1m\u011brn\u011b zkomolen\u00e1.<\/p>\n","protected":false},"excerpt":{"rendered":"<p>Tak stav spojeni se spoluzakama ke dni 18.12 2018 je nasledujici: ozvali se a maji Whatsapp: Boxi, Fencl\u00edk, Fido (Robert), Gera, Hambi, Havl\u00edk, Ha\u010f\u00e1k, Hovis, Jech\u00edno, Kopal\u00edk, Kup\u00edno, Kl\u00edmi\u010d (Podob\u00eds), Ludva, Sosi, Svobi, \u0160varc\u00edk, \u0160imi, Smoli, Tantor, \u017dahy ozvali se a Whatsapp nemaj\u00ed: Rottor, Tom Kuba, Edit zat\u00edm se neozvali a poslal jsem Whatsapp zpr\u00e1vu: [&hellip;]<\/p>\n","protected":false},"author":1,"featured_media":0,"parent":0,"menu_order":6,"comment_status":"open","ping_status":"closed","template":"","meta":[],"_links":{"self":[{"href":"http:\/\/hovis.cz\/index.php?rest_route=\/wp\/v2\/pages\/121"}],"collection":[{"href":"http:\/\/hovis.cz\/index.php?rest_route=\/wp\/v2\/pages"}],"about":[{"href":"http:\/\/hovis.cz\/index.php?rest_route=\/wp\/v2\/types\/page"}],"author":[{"embeddable":true,"href":"http:\/\/hovis.cz\/index.php?rest_route=\/wp\/v2\/users\/1"}],"replies":[{"embeddable":true,"href":"http:\/\/hovis.cz\/index.php?rest_route=%2Fwp%2Fv2%2Fcomments&post=121"}],"version-history":[{"count":22,"href":"http:\/\/hovis.cz\/index.php?rest_route=\/wp\/v2\/pages\/121\/revisions"}],"predecessor-version":[{"id":149,"href":"http:\/\/hovis.cz\/index.php?rest_route=\/wp\/v2\/pages\/121\/revisions\/149"}],"wp:attachment":[{"href":"http:\/\/hovis.cz\/index.php?rest_route=%2Fwp%2Fv2%2Fmedia&parent=121"}],"curies":[{"name":"wp","href":"https:\/\/api.w.org\/{rel}","templated":true}]}}